 + 149. Let i be v(-32). Suppose -d + 121 = -41. Let x = d + i. What is the hundreds digit of x?
1
Suppose 89696 = 2815*g - 2811*g. What is the hundreds digit of g?
4
Let y be -4 + 2 + (-1346)/(-2). Suppose 3*v - 3*l = 2448, -2*v = -l - 2300 + y. What is the units digit of v?
3
Let u(r) = r**2 + r + 66. Let a(i) = 3*i + 124. Let k be a(-34). What is the tens digit of u(k)?
7
Let r = -34 - -36. Suppose -r*p - h = -5*p - 2, 3*p + 6 = -3*h. What is the tens digit of (p/(-3))/((-5)/(-1380))?
9
Let p(l) = 233*l**3 + 15*l**2 - 28*l + 138. What is the tens digit of p(5)?
9
Let h(i) = 109*i - 18. Let g be h(4). Suppose g*j + 543 = 419*j. What is the hundreds digit of j?
5
What is the ten thousands digit of -144805*(7 - 252/35)?
2
Let c(u) = u**3 - 2*u**2 - u - 2. Let p be c(3). Let t be 5/(p + 1) + -2. What is the tens digit of (2 - (1 - t)) + (-505)/(-5)?
0
Suppose -3*c - 2*a = -43, 7 = -a + 12. Let n(w) = 7*w + 0 - 31 + 11. What is the tens digit of n(c)?
5
Let p(z) = -5*z - 47. Let v be p(-9). What is the tens digit of 449/(v - -3 - 0)?
4
Let x be (-161)/(-63) - (-16)/36. Suppose -5*r + 17 = -x. Suppose -i - 980 = -r*z, 0*i = -3*z - i + 742. What is the tens digit of z?
4
Suppose 77 = 3*p - 5*y - 249, 2*p - y = 208. What is the units digit of p/(-255) + (-382)/(-5)?
6
Let p be 34/(-10) - 34/(-85). What is the hundreds digit of ((-6)/(-18 + 0))/(p/(-4518))?
5
Let a(m) = m**3 + 9*m**2 - 11*m - 13. Let n = 57 - 67. Let z be a(n). What is the units digit of (-4)/z*39/2?
6
Let r = 40 + 584. What is the units digit of r?
4
Let u(v) = -11197*v + 4438. What is the ten thousands digit of u(-4)?
4
Suppose 2*c + 3*w - 8880 = 0, c - 4440 = 25*w - 22*w. What is the hundreds digit of c?
4
Let w(z) = 54*z**2 + 131*z + 1254. What is the hundreds digit of w(-11)?
3
Suppose 8*r - 5*r = 0. Let d(i) = 10 - 7*i + r*i - 9 - 6. What is the tens digit of d(-8)?
5
Let g = -16709 - -24815. What is the units digit of (g/(-189))/((-2)/18)?
6
Suppose -79*o + 82*o - 2*l - 116842 = 0, -155728 = -4*o - 5*l. What is the thousands digit of o?
8
Suppose -3*i - 4 = 2. Let m(o) be the second derivative of -o**3/6 - 9*o - 3. What is the units digit of m(i)?
2
Let p be 1*(-2 - 2 - -8). Suppose 659 = p*f + o, 0*o = 4*f + 2*o - 654. Suppose 212 = 6*c - f. What is the tens digit of c?
6
Suppose -48 = 78*y - 81*y. Let c = y - 11. Suppose 0 = -c*n + 35 + 90. What is the tens digit of n?
2
Suppose -u + 12 = -7*u. What is the tens digit of ((-41)/u)/((-30)/(-480))?
2
Suppose -5*m + 3*n = -2*m + 192, -238 = 4*m + 5*n. Let k = m + 74. What is the units digit of k?
2
What is the thousands digit of (8 - 1)*(-3332456)/(-1988)?
1
Let x = 3788 - -2890. What is the units digit of x?
8
Let s(t) = 63*t**2 + 2201*t - 54. What is the thousands digit of s(-49)?
3
Let h = -64 + 114. Suppose h*k - 45*k - 865 = 0. Suppose 157 = 2*x - k. What is the units digit of x?
5
Suppose 9*w + 8*w = 85. Suppose -b - 2*c - 25 = -6*b, 4*c + w = -5*b. Suppose l = -b*j + 676, 0 = -2*j - 2*l + 3*l + 459. What is the tens digit of j?
2
Let t = -6422 + 14589. What is the hundreds digit of t?
1
Suppose 672*u + 99552 = 2*q + 675*u, -4*u = -24. What is the units digit of q?
7
Let w = 38 + -41. Let m be 0/(3*(-1)/w + 0). Suppose 0 = -2*h + 4*l + 74, -h - 5*l + 0*l + 9 = m. What is the units digit of h?
9
What is the units digit of 2 + 103023/21 + (-14)/(588/(-6))?
8
Suppose 4*h - 18 = h + 2*z, 3*h + 2*z = 6. Suppose -t = -4*a + 2388, 0 = h*t - 0*t. What is the units digit of a?
7
Let c be (-829 + -24)*-1*(-1)/(-1). Suppose 3*u - 3*g = c + 605, -4*u = -2*g - 1938. What is the units digit of u?
3
Let i = 2 - 83. Let g = 116 + i. Suppose -37*q = -g*q - 148. What is the tens digit of q?
7
Suppose -y + 2154 = -3*m, 5*y = -3*m + 9079 + 1601. What is the thousands digit of y?
2
Let i = 591 - 330. Suppose -i = -2*u - 3*j, -14*u - j = -19*u + 644. What is the units digit of u?
9
Suppose -4*k + 304 = 4*i, -3*i - k + 0 = -218. Suppose 0 = -4*n + 387 - i. Suppose 39 + n = 2*z. What is the tens digit of z?
5
Let h be (-1 + 2)/(12 - 11). What is the units digit of (h/3)/((-10)/(-26820))?
4
Let l = -2060 + 6510. What is the units digit of l?
0
Suppose 0 = 32*d + 10305 - 151585. What is the units digit of d?
5
Let k = 118 - -61. Let p = k + -178. What is the units digit of p?
1
Let u = -1416 + 6486. Suppose 19*k - 4*k = u. What is the hundreds digit of k?
3
Let f(r) = 121*r**2 - 50*r + 129. What is the hundreds digit of f(3)?
0
Let s(g) = -g**3 - g**2 - g + 13. Let n be 7/1 + (-40)/10. Suppose -3*w + 15 = -2*u, 10 = -u - n*u + 2*w. What is the units digit of s(u)?
3
Suppose 14*r = 7*r - 357. Let g = r - -54. What is the units digit of (-207)/(-7) + g/(-14)*-2?
0
Suppose 0 = 3*x - 18423 - 9009. What is the thousands digit of x?
9
Suppose 169 + 183 = 4*t. Let k be (t/(-10))/((-6)/15). Let x = k + -21. What is the units digit of x?
1
Let x = -55 + -124. Suppose 424 = 5*h - 1001. Let n = x + h. What is the tens digit of n?
0
Let g = 379 + 689. What is the tens digit of g?
6
Suppose -3*s - l + 53 = 0, 0 = 6*s - 5*s + 2*l - 16. Let t = 10 + -14. What is the units digit of t/s - 640/(-45)?
4
Suppose 4527 = 12*m - 6285. What is the hundreds digit of m/((21/3)/7)?
9
Let i(p) = 2*p + 7. Let o be i(10). Suppose -3*s + 2*k + 2053 = 0, -k + 643 = 5*s - 2783. Suppose 0 = 8*g - o - s. What is the tens digit of g?
8
Let s be ((-6)/(-9))/((-1)/(-3)). Suppose -s*h = -4*h + 8. Suppose 2*q = -q - h*v + 29, -5*v - 49 = -4*q. What is the tens digit of q?
1
Let t be 115276/874 - 8/(-76). Let f be (-29)/(-3) + 2/(-3). Suppose 5*n + t = f*n. What is the units digit of n?
3
Let d = -241 - -282. Suppose d*h - 1880 = 21*h. What is the tens digit of h?
9
Suppose 0 = 5*z + 3*o + 3191 - 78184, 2*z - o = 29984. What is the thousands digit of z?
4
Suppose -2*u - 10904 = -249*k + 248*k, k + u - 10886 = 0. What is the hundreds digit of k?
8
Suppose 29*z - 221*z + 21356190 = 153*z. What is the thousands digit of z?
1
Suppose -172*u - 21184 = -173*u - 4*p, 0 = -3*p + 21. What is the thousands digit of u?
1
Let z(k) = 310*k**2 + k - 31. What is the hundreds digit of z(-5)?
7
Suppose 22*x + 2793 = 19*x. What is the hundreds digit of (-20)/100 + x/(-5)?
1
Let p(o) = -17*o - 74. Suppose -131 + 455 = -27*b. What is the hundreds digit of p(b)?
1
Let q(h) = -2*h**3 + 11*h**2 + 3*h + 5. Let z be q(6). Let y be 1 - 2 - ((z - -6) + 3). Suppose -372 = y*j - 7*j. What is the units digit of j?
3
Suppose 0 = 107*v - 104*v - 21, 0 = -3*u - v + 13768. What is the units digit of u?
7
Let y = 7576 + -4221. What is the thousands digit of y?
3
Let u(x) = 2*x + 28. Let o be u(-11). Let y be o*(-8 + 3)/15. What is the units digit of 1422/(-36)*y*1?
9
Let o be 0 + 2 + (4 - 2). Suppose 5*l - 900 = -2*q, 0*q = 4*q + 5*l - 1790. What is the units digit of 0 - q/(-5) - o?
5
Suppose 188*f + 265982 - 910296 = 906498. What is the hundreds digit of f?
2
Let j be 1*1/3 + 3/(-9). Suppose j = 2*h + h + 3*b - 240, 2*h = -4*b + 164. Let m = 2 + h. What is the tens digit of m?
8
Let h be 18 - 21 - 2*(-10)/4. Suppose -h*p + 24 = 282. Let d = -84 - p. What is the units digit of d?
5
Let r = 44 + 142. Suppose 45*z - r = 43*z. What is the units digit of z?
3
Let d = 41311 - 27498. What is the units digit of d?
3
Let m = 26 - 16. Let c(r) = r**3 - 2*r + 432. Let p be c(0). Suppose p = -6*j + m*j. What is the tens digit of j?
0
Let d(c) = 13*c**2 - 29*c + 21. Let j be (-18)/(-1*3*26/39). What is the units digit of d(j)?
3
Let v = 153 - 17. What is the hundreds digit of (-2444)/(-3) + v/(-204)?
8
Suppose -69*f - 30596 = -73*f - 2*h, 0 = -3*f + h + 22952. What is the thousands digit of f?
7
Suppose 784 + 4809 = 7*h - 1323. What is the hundreds digit of h?
9
What is the units digit of ((-2794824)/(-39) - 20) + 4/(-26)?
2
Let z be ((-3)/(-3)*5)/(-1). Let b(j) = 130269*j**2 + 1 + 6 + 13*j - 130264*j**2. What is the tens digit of b(z)?
6
Suppose 4*t - 169030 = -3*l, -3*l + 517*t = 516*t - 169040. What is the tens digit of l?
4
Let q(v) = -15*v - 131. Suppose -4*h - 29 = 4*m + 27, -5*m - 4*h = 70. What is the tens digit of q(m)?
7
Let s(j) = 5*j + 72. Let q be s(-13). Suppose -q*z + 420 + 1365 = 0. What is the tens digit of z?
5
Suppose -21*i + 38097 + 17364 = 0. Suppose -b = 3*a - 5*b - 4019, -2*a - 5*b = -i. What is the tens 